is o(i)?
-8
Let w(l) be the first derivative of l**3/3 + 3*l**2/2 + l + 32. Give w(-5).
11
Let j be (-570)/14 - (-14)/(-49). Let b = j - -43. Let v(g) = -g + 4*g**3 - 3*g**2 - 3*g**3 + 0*g. Give v(b).
-6
Suppose -4*r + 21 = -i, -4*i - 14 - 15 = -5*r. Let k(g) = -g**2 + 9*g - 11. Give k(r).
9
Let i(r) be the second derivative of -r**4/12 + 5*r**3/6 - 2*r**2 - 2*r. Let y be -14 - -10 - 1/((-4)/32). Give i(y).
0
Let f(c) = 1 - c + 2*c + 5*c. Let a(w) = -2*w**3 + 2*w**2 - 11*w - 2. Let s be a(0). Determine f(s).
-11
Suppose 0 = -6*z + 4*z + 4. Let f(n) = -5*n**3 - 2*n**2 + 0*n - 2*n - 1 + z + 4*n**3. What is f(-3)?
16
Let m(z) = 2*z**2 - z - 1. Let x(s) = 4*s**2 - 3*s - 2. Let f be (20/(-16))/(3/(-12)). Let c(r) = f*m(r) - 2*x(r). Give c(-2).
5
Let b be 2 + 2 + (0 - -1). Let z = 12 + 97. Let f(q) = -109*q - z*q + 7 + 223*q + 4*q**2 - q**3. Determine f(b).
7
Let b(z) = 12*z**2 + 3*z**2 - 7 + z**3 - z**2 + 2*z**2 - 6*z**2. Give b(-10).
-7
Let s(t) be the second derivative of t**3/6 + 3*t**2/2 + 16*t. Let n(z) = z**3 + 6*z**2 - 5. Let g be n(-6). What is s(g)?
-2
Let t(p) = p + 8. Let w(y) = -3*y - 21. Let b(s) = 8*t(s) + 3*w(s). What is b(-6)?
7
Suppose 0 = 2*h - 5*b + 7, 0 = b + 4*b - 25. Let z(f) = f**3 - 9*f**2 - 2*f + 7. Give z(h).
-11
Let c(n) = n**3 - 4*n**2 + 3*n + 2. Let f = -40 - 37. Let z be (-2)/4 + f/(-22). Let r = 0 + z. What is c(r)?
2
Let h(b) = -b**3 - 5*b**2 - 4*b + 3. Let o = -32 + 25. Let f be o + 6/(-1*8/(-4)). Give h(f).
3
Suppose -2*g = -7*g + 55. Suppose -3*x - 4*l - 25 = 0, 6*x - 4*l = 2*x - 80. Let q = x + g. Let p(n) = n + 2. Give p(q).
-2
Let q(d) be the second derivative of 0 + 1/2*d**3 + 25*d - 1/2*d**2. Give q(2).
5
Let m(o) = 7*o + 4975 - 4975. What is m(1)?
7
Let g(q) = 15*q - 4*q**3 + 2*q**2 + 6*q**3 - 35*q + 18*q - 2. What is g(-2)?
-6
Let a be (-7)/((8/(-60))/(12/(-10))). Let x = 60 + a. Let w(o) = -4*o - 5. Let f(b) = b + 1. Let j(u) = -9*f(u) - 2*w(u). Give j(x).
4
Let i(f) be the second derivative of -f**4/12 - f**3/3 - f - 44. Calculate i(6).
-48
Let l(a) = -2 + 0 + a**2 - 5 + 5*a**2 + a + a**3. Calculate l(-6).
-13
Let s(z) = z**3 - 2*z**2 - 1. Let q(y) = 5*y**3 - 14*y**2 + 5*y - 6. Let p(j) = q(j) - 6*s(j). What is p(-4)?
12
Let x(d) = -d**3 + d**2 + 4*d + 1. Let w be (-4)/(-12) - (-28)/6. Let c(u) = -w*u + 19 + u + 6*u. Let f be c(-8). Calculate x(f).
-5
Let z = -16 + 18. Let i(j) = -j**2 + 6*j + 6. Let x be i(5). Let v(h) = -7 - z*h + x - 5 + h**2 + 2*h**3. Determine v(-2).
-9
Let l = 110 + -110. Let s(z) be the second derivative of -z**3/2 + 29*z**2/2 + 3*z. Let f(d) = -d + 10. Let m(w) = -17*f(w) + 6*s(w). Give m(l).
4
Let i(s) = 14*s**3 - 18*s**2 - 11*s - 11. Let n(v) = 5*v**3 - 6*v**2 - 4*v - 4. Let b(p) = -4*i(p) + 11*n(p). Give b(6).
0
Let p(t) be the third derivative of -8*t**2 + 1/60*t**5 + 0*t + 5/12*t**4 + 0 + 7/6*t**3. Give p(-6).
-17
Let i be (-240)/45*6/(-8). Let c = i + 5. Let p(w) = -41 - c*w + 16 + 24. Give p(1).
-10
Let p(s) be the third derivative of s**6/120 + 7*s**5/30 - 5*s**4/8 + 10*s**3/3 + 7*s**2 + 14. Determine p(-15).
20
Let t(g) = g + 3. Let l(q) = q**3 - 5*q**2 + 8*q - 12. Let u be l(3). Calculate t(u).
-3
Suppose 0*z - 12 = -3*z. Let p(f) = 35*f**2 - 4*f + 21. Let i(k) = -6*k**2 + k - 4. Let q(c) = 6*i(c) + p(c). Give q(z).
-11
Let x(h) = 8*h**3 + 2*h**2 - 4*h + 10. Let n(z) = 3*z**3 + 2*z**2 - 2*z + 5. Let k(v) = -5*n(v) + 2*x(v). Determine k(6).
7
Suppose -364 = -18*r + 68. Let c(y) = r + y - 12*y + 10*y. Give c(0).
24
Let r be ((-2)/(-4))/(2/4). Let c(x) = 3 - 2 + 0 + 0 - x. Let s(p) = 4*p - 7. Let g(o) = 6*c(o) + s(o). Give g(r).
-3
Suppose -5*q - 3*o + 95 = 0, -o = o - 10. Let z be (-13)/4 - 12/q. Let k(m) be the third derivative of -m**5/60 - m**4/4 - 5*m**3/6 + 2*m**2. Calculate k(z).
3
Let q(s) = -46*s - 832. Let p be q(-18). Let c(o) = -o**2 - 8*o + 2. Determine c(p).
18
Let o = -290 - -285. Let w(a) = a**2 + 3*a - 2. Give w(o).
8
Suppose -5*s + 0*s - 93 = 4*u, -s = 3*u + 56. Let f = -13 - u. Let j be f - 4 - (-9 + 2). Let p(i) = i**3 - 8*i**2 + 7*i - 3. What is p(j)?
-3
Let b(j) be the first derivative of j**3/3 + 7*j**2/2 + 2*j + 9. Let z = 7 + -4. Suppose -2*q + z*q + 6 = 0. What is b(q)?
-4
Let u(q) = -5*q - 3. Let c(d) = -2*d - 2. Let z(y) = y + 1. Let l(i) = 3*c(i) + 4*z(i). Let g be 33/(-5) + (-2)/5. Let r(w) = g*l(w) + 3*u(w). What is r(5)?
0
Let k(d) = -18*d**3 - 2*d**2 - d + 35. Let x(w) = 13*w**3 + 2*w**2 + w - 24. Let f(c) = -5*k(c) - 7*x(c). Give f(-3).
-10
Let q(d) be the first derivative of -d**4/24 + d**2 + 5. Let s(l) be the second derivative of q(l). Determine s(-4).
4
Let z(p) = -p**3 - 5*p**2 + 6*p + 2. Let r(q) be the third derivative of q**4/24 - 5*q**2. Let y be r(5). Suppose 23 - y = -3*d. Give z(d).
2
Let m be 546/(-117)*(-12)/(-14). Let k = 7 - 5. Let t(o) = 6 + 3*o**k - 2*o**2 + 0*o**2 + 5*o. Give t(m).
2
Suppose 4*i = 26 - 6. Suppose -l - 2 = -a, 5*l = -i*a + 2 + 8. Let q be l - -3 - (-7 + 4). Let x(s) = -s**2 + 5*s + 7. What is x(q)?
1
Let q(f) = 0*f**2 + 11 + f**2 + 8 - 9 - 10*f. Determine q(9).
1
Let z be ((-28)/8 - -5)/(6/8). Let a(c) = 96*c**3 - 97*c**3 - 1 - 7*c**2 - 5*c + 2 - z*c. Calculate a(-6).
7
Suppose 147*q = 20*q. Let n(a) = a + 46. Determine n(q).
46
Let i(r) = -r**3 - 3*r + 19 + 3*r**2 + r - r**3 - 16. What is i(2)?
-5
Let s(m) = 2*m**2 + 7*m**2 - m**3 - 9 + 10*m**2 - 4*m**2 + 17*m. What is s(16)?
7
Let d be 8/36 + 32/18. Let w(y) = -y + 2*y + y**3 - 5 + 5*y**d - 4*y**2. Let l = 6 + -6. Determine w(l).
-5
Let t(g) be the first derivative of -g**4/4 + 2*g**3 - 7*g + 195. Suppose -3*y + 6 = 3*f, -4*y + f - 2 = y. Suppose y = 5*r - 19 - 11. Determine t(r).
-7
Let o(a) = -a - 1. Let u = 295 + -302. Calculate o(u).
6
Suppose -302*n + 295*n - 35 = 0. Let y(p) = -5*p - 24. Calculate y(n).
1
Let q = 1 - -4. Suppose 7*f - q*f = -14. Let m(k) = 2*k**2 + 11*k + 6. Give m(f).
27
Let c(m) be the first derivative of 1 + 0*m - 4/3*m**3 - 1/60*m**5 + 1/6*m**4 + 0*m**2. Let r(w) be the third derivative of c(w). What is r(4)?
-4
Suppose -4*a - 19 = -p, 5*p + 4*a + 29 = 172. Let q be (4/(-12))/((-3)/p). Let r(w) = -q*w + 4*w + w + 7 - 3*w. Give r(0).
7
Let z(t) be the second derivative of t**3/3 + 11*t**2 + 148*t. Calculate z(-5).
12
Let r(i) = -i + 1. Let o(l) = -9. Let a(h) = -h. Let t(p) = 5*a(p) - o(p). Let q(g) = 6*r(g) - t(g). Calculate q(-8).
5
Let v(b) = 14*b**2 - 21*b + 140. Let j(h) = -h**2 + 2*h - 14. Let s(t) = -10*j(t) - v(t). Suppose 0 = -5*q - r + 12, -r = -3*r + 4. Calculate s(q).
-14
Let c be -2 - (-1 + 0 - 1). Let r(s) = -s**2 - 1 + 67142*s**3 - 67143*s**3 - 6. Determine r(c).
-7
Let x(q) be the first derivative of q**3 - q**2 - 3*q + 13. Let y = 1 - 3. Determine x(y).
13
Let s(b) = 6*b. Let c be 2/(-1) + (-608)/(-19). Let g be -7*(c/(-35))/6. Give s(g).
6
Let p(r) = r. Let m be (3/4)/(6/72). Calculate p(m).
9
Let y(u) be the first derivative of -3*u**2/2 + 13*u + 12. Let z be y(4). Suppose z = -2*t + 3. Let q(h) = -10*h + 1. Calculate q(t).
-9
Let w(q) = 2*q**2 - q - 1. Suppose 0*z = -7*z - 28. Let r be (-1)/3 - 37/(-3). Let t be 6/r - (-10)/z. Determine w(t).
9
Suppose -191 = 22*r - 15. Let t(n) = 2*n + 5. Calculate t(r).
-11
Let c(y) = 21*y**2 - 23*y - 111. Let j(g) = 7*g**2 - 8*g - 39. Let k(b) = 6*c(b) - 17*j(b). What is k(-1)?
6
Suppose 0 = 5*d, 0 = w + 5*d - 0*d + 10. Let p(a) = a**3 + 9*a**2 - 9*a + 1. Determine p(w).
-9
Let b(x) be the second derivative of x**3/2 - 7*x**2/2 - 22*x + 4. What is b(-11)?
-40
Let o(w) = w**2 + 3*w - 4. Let d be 3/7 - 80/7. Let a = d - -6. Give o(a).
6
Let w(d) = -4*d**2 + 10*d - 7. Let y(f) = -f**2 + f - 1. Let h(s) = w(s) - 3*y(s). Calculate h(6).
2
Let j(t) = -5*t**2 - 3*t + 4. Suppose 8*m - 40 = -64. Determine j(m).
-32
Let d(b) = -b + 14. Let z(v) = 13. Let f be ((-12)/(-8))/(1/(-2)). Let s(h) = f*d(h) + 4*z(h). Give s(-7).
-11
Let c(g) = 3*g**2 + 17*g - 6. Suppose 25 = 5*s, -5*s = 3*z - 2*s + 3. Calculate c(z).
0
Let q = -221 - -224. Let v(u) be the third derivative of 5/3*u**q + 0*u - 1/60*u**5 - 5*u**2 + 0 + 5/24*u**4. What is v(7)?
-4
Let u = -4 - -6. Let i(c) = 4*c - 4 - c**2 - u*c - 2*c. Determine i(0).
-4
Suppose 4*b + 169 = 209. Let u(t) = b + 3*t - 11 - 6*t + 10*t. Calculate u(-1).
-8
Let i(s) be the second derivative of 7*s**5/20 - 2*s. Let q = 272 - 271. Calculate i(q).